ase 12, what is 76596a25 - 3?
76596a22
In base 10, what is 1724 + 166425?
168149
In base 14, what is 4 + -532a32?
-532a2c
In base 14, what is -24d6944a - 0?
-24d6944a
In base 16, what is 6 + 2ae7ce2?
2ae7ce8
In base 3, what is 10 - -111022022021120021?
111022022021120101
In base 7, what is 20534466 + -24?
20534442
In base 3, what is -200 - 10101020122010?
-10101020122210
In base 2, what is -1000110111111010010100 + 101010010?
-1000110111110101000010
In base 14, what is 8a + -14359?
-142ad
In base 10, what is -6474 - -2953?
-3521
In base 15, what is -26 + -215db0?
-215dd6
In base 16, what is -67020 + 49?
-66fd7
In base 9, what is 5 + -53382?
-53376
In base 12, what is -1 - -24a9429?
24a9428
In base 6, what is 10435120435 + -3?
10435120432
In base 7, what is 2644053 + 1234?
2645320
In base 10, what is 7646 - 16417?
-8771
In base 4, what is 1223133300231 + -2?
1223133300223
In base 13, what is -1871399 + 7?
-1871392
In base 10, what is -3845972 - 5?
-3845977
In base 9, what is 1 + 2158281?
2158282
In base 15, what is -2 + 5d58cd8?
5d58cd6
In base 13, what is 4601 + 2206?
6807
In base 3, what is -2211210021200 + 2?
-2211210021121
In base 9, what is -3767 - 12455?
-16333
In base 11, what is 24 + -7463489?
-7463465
In base 11, what is 340 + 20a?
54a
In base 2, what is 111010 + -1010101001011000?
-1010101000011110
In base 6, what is -3 + 224204515?
224204512
In base 7, what is 506210 - 150?
506030
In base 13, what is -100472 - 10?
-100482
In base 5, what is -10232442134 - 134?
-10232442323
In base 16, what is -30c26257 + -1?
-30c26258
In base 14, what is -3 + 34b104?
34b101
In base 16, what is 1 + -7eb93cd?
-7eb93cc
In base 2, what is 100 - -11111011001100011001110110?
11111011001100011001111010
In base 3, what is 10 + -101022121120120?
-101022121120110
In base 4, what is 21001 - 2323332232?
-2323311231
In base 10, what is -23625 - 23?
-23648
In base 13, what is -2 + -95c202b?
-95c2030
In base 11, what is 2 - 563974?
-563972
In base 8, what is 17726 + -11136?
6570
In base 14, what is -16 - 2d36604?
-2d3661a
In base 9, what is 5 - -11113108?
11113114
In base 8, what is 4672 - -572?
5464
In base 7, what is 30164 + -4531?
22333
In base 15, what is -c56b + 1b69?
-a902
In base 3, what is -1121220010 + -111102?
-1122101112
In base 13, what is 79b8748 + 2?
79b874a
In base 8, what is 210153 - 23274?
164657
In base 14, what is 3709 + 3941?
724a
In base 15, what is 1732d3d - -3?
1732d41
In base 3, what is 120112212220 + 1011?
120112221001
In base 2, what is 10011000010101010100011010 + 0?
10011000010101010100011010
In base 2, what is -111111110101001100100 - -10?
-111111110101001100010
In base 10, what is -2059 + -23816?
-25875
In base 6, what is 103 - -5130002?
5130105
In base 8, what is 5 - 47255546?
-47255541
In base 11, what is 26913a84 - -18?
26913aa1
In base 2, what is -110001101011100 + -1010110100?
-110011000010000
In base 14, what is -1a2194b - 1a?
-1a21967
In base 2, what is -10101 + 111000110000000001?
111000101111101100
In base 15, what is a068bd + -c?
a068b1
In base 3, what is -2 - -1121221212110212?
1121221212110210
In base 12, what is -79 - 1728?
-17a5
In base 16, what is -aecb + -14d?
-b018
In base 5, what is -211114014 - 111?
-211114130
In base 6, what is 1 + -42522432204?
-42522432203
In base 11, what is -16325a + 8?
-163252
In base 9, what is -4215 + 18334?
14118
In base 4, what is 303121201 + -120?
303121021
In base 15, what is 2 - 1b153a?
-1b1538
In base 14, what is 8c - -bc00?
bc8c
In base 11, what is 7 + 1995a51?
1995a58
In base 16, what is 4 + 271ac43?
271ac47
In base 9, what is -578662702 + 4?
-578662687
In base 14, what is -476 - 19599?
-19a31
In base 12, what is 2b22 + 580?
34a2
In base 3, what is -111202021000222102 - -1?
-111202021000222101
In base 2, what is 11 - -110100000101100010000011011?
110100000101100010000011110
In base 13, what is -1a2244 - -225?
-1a201c
In base 3, what is 11022220212 - 112?
11022220100
In base 3, what is 222212002212 + -11012?
222211221200
In base 12, what is 130 - -691b?
6a4b
In base 13, what is -8 - -37bb6?
37bab
In base 10, what is -4747474 - 1?
-4747475
In base 5, what is -22424 + 22243?
-131
In base 4, what is 1121 - -2021120230?
2021122011
In base 4, what is 220001120 - 2300303?
211100211
In base 13, what is 1b4 + 1696?
187a
In base 14, what is 27 - d785c3?
-d7859a
In base 15, what is 27b7192 + -4?
27b718d
In base 9, what is -422 + 742634?
742212
In base 9, what is 604755 + -163?
604582
In base 8, what is -3 - 1367772024?
-1367772027
In base 14, what is 9 - -1800378?
1800383
In base 5, what is 2220 + 110424020?
110431240
In base 2, what is -1111010100011101111 + -10?
-1111010100011110001
In base 11, what is -217 + 150461?
150245
In base 13, what is -4 - -289533c?
2895338
In base 7, what is -4145006132 + -4?
-4145006136
In base 5, what is -14132332412 - 3?
-14132332420
In base 13, what is 3 + 5289aa?
5289b0
In base 5, what is 102003222 + -10?
102003212
In base 14, what is 1b61 - 830?
1331
In base 14, what is -564 - -1da0?
183a
In base 9, what is 726801 + -12?
726778
In base 4, what is 3 + 113002032?
113002101
In base 6, what is -3 - 51545043?
-51545050
In base 13, what is -c1 + 436c7?
43606
In base 10, what is 10 - 2773069?
-2773059
In base 14, what is d84 + -1684?
-700
In base 6, what is -2423202 + -2351?
-2425553
In base 4, what is 10 - 13310102?
-13310032
In base 10, what is -613910 - 3?
-613913
In base 6, what is -1 + 5003131414?
5003131413
In base 8, what is -34555 + 57654?
23077
In base 3, what is -1000 - 1022201210010?
-1022201211010
In base 12, what is 139a8b204 - 5?
139a8b1bb
In base 10, what is 2 - -572204?
572206
In base 7, what is -2 - -11433636213?
11433636211
In base 6, what is -50 + 1140345411?
1140345321
In base 11, what is -8a919 - -a27?
-899a2
In base 4, what is 121 - 131031202?
-131031021
In base 8, what is 64230 - 1132?
63076
In base 10, what is 4327867 - 2?
4327865
In base 14, what is -2 + 63dd37?
63dd35
In base 14, what is 9782 + -bd?
96a3
In base 12, what is 1225a8 - -12?
1225ba
In base 10, what is -1589553 - 76?
-1589629
In base 11, what is -15 + 4279715?
4279700
In base 2, what is 10 + 110001011010110000100000?
110001011010110000100010
In base 4, what is -120002110213322 - -10?
-120002110213312
In base 15, what is 2d5a8b - 182?
2d5909
In base 10, what is -568777 + -3?
-568780
In base 15, what is 5e + -6a12?
-69a3
In base 6, what is -32445 + 132505?
100020
In base 14, what is -212 + -49c9d?
-4a0b1
In base 10, what is -620741126 - 2?
-620741128
In base 6, what is -12214 - -13153?
535
In base 5, what is 12121 - -322323?
334444
In base 11, what is 5 - -2229953?
2229958
In base 3, what is 201001212 + -1022120?
122202022
In base 11, what is 3 + 1843682?
1843685
In base 3, what is -2 + 2221210110111?
2221210110102
In base 8, what is -356 - 6322611?
-6323167
In base 2, what is -11001000 + -11111011101110010?
-11111100000111010
In base 4, what is 123 - -3331000020?
3331000203
In base 13, what is -4185 + 1c515?
18360
In base 15, what is 20e903 - 35?
20e8bd
In base 8, what is 11467420 + -16?
11467402
In base 5, what is -3241 + 414042?
410301
In base 3, what is 2012021212002210 + 0?
2012021212002210
In base 12, what is -1003 + 192b?
928
In base 16, what is 12d33 - -12?
12d45
In base 7, what is -3 - 12030361?
-12030364
In base 4, what is 231112 + 1003131?
1300303
In base 14, what is 5014 + -cd?
4d25
In base 7, what is -20311 + -25?
-20336
In base 4, what is 2223 + 22300100?
22302323
In base 6, what is 1 + -15435234?
-15435233
In base 9, what is -131707 + -218?
-132026
In base 5, what is 1122 + 31144?
32321
In base 14, what is 4c7603b9 + -5?
4c7603b4
In base 6, what is -25325422252 - 3?
-25325422255
In base 10, what is 8211 + 176?
8387
In base 6, what is 35231202 + 33?
35231235
In base 13, what is -73712 + 96?
-73649
In base 7, what is -16226 - 11026?
-30255
In base 14, what is -2a89737 - 4?
-2a8973b
In base 12, what is -6 + 316a2a4?
316a29a
In base 16, what is 8e783a - -4?
8e783e
In base 15, what is 16b6 + -614?
10a2
In base 4, what is -2203301030 + 1?
-2203301023
In base 15, what is -1e691b + 64?
-1e68a7
In base 12, what is -5 + b243b6?
b243b1
In base 12, what is -584618 - 63?
-58467b
In base 9, what is 581176668 + 1?
581176670
In base 12, what is -36858b69 + -5?
-36858b72
In base 